hat is the ten millions digit of 23736566?
2
What is the thousands digit of 6694590?
4
What is the hundreds digit of 5949987?
9
What is the thousands digit of 219050?
9
What is the ten millions digit of 10785111?
1
What is the ten thousands digit of 17249457?
4
What is the units digit of 316187?
7
What is the hundred thousands digit of 5716674?
7
What is the tens digit of 4513222?
2
What is the tens digit of 265964?
6
What is the hundred thousands digit of 35508427?
5
What is the units digit of 1027283?
3
What is the ten thousands digit of 3051839?
5
What is the hundreds digit of 430350?
3
What is the tens digit of 8259628?
2
What is the hundreds digit of 307965?
9
What is the millions digit of 1358049?
1
What is the thousands digit of 76749?
6
What is the thousands digit of 271806?
1
What is the thousands digit of 20428?
0
What is the units digit of 6874?
4
What is the ten thousands digit of 60181?
6
What is the thousands digit of 2349011?
9
What is the millions digit of 21211318?
1
What is the hundred thousands digit of 2006778?
0
What is the tens digit of 282284?
8
What is the units digit of 1809169?
9
What is the ten thousands digit of 60709?
6
What is the ten thousands digit of 31020804?
2
What is the hundred thousands digit of 182830?
1
What is the hundred thousands digit of 18683663?
6
What is the hundred thousands digit of 4025496?
0
What is the ten thousands digit of 1356738?
5
What is the millions digit of 28575494?
8
What is the thousands digit of 187011?
7
What is the thousands digit of 15184941?
4
What is the ten thousands digit of 707435?
0
What is the millions digit of 19483280?
9
What is the thousands digit of 28075906?
5
What is the ten thousands digit of 167676?
6
What is the hundreds digit of 166649?
6
What is the hundreds digit of 458776?
7
What is the ten thousands digit of 3261614?
6
What is the units digit of 508602?
2
What is the ten thousands digit of 898545?
9
What is the ten thousands digit of 1279107?
7
What is the ten millions digit of 28928915?
2
What is the thousands digit of 913698?
3
What is the tens digit of 4666416?
1
What is the hundreds digit of 34688?
6
What is the ten thousands digit of 21104475?
0
What is the hundreds digit of 105788?
7
What is the ten thousands digit of 649397?
4
What is the thousands digit of 974693?
4
What is the units digit of 25290503?
3
What is the hundreds digit of 47186?
1
What is the millions digit of 9083575?
9
What is the thousands digit of 56235?
6
What is the thousands digit of 308583?
8
What is the tens digit of 1257975?
7
What is the hundreds digit of 1138218?
2
What is the hundreds digit of 6507420?
4
What is the units digit of 1103734?
4
What is the ten thousands digit of 507728?
0
What is the units digit of 520429?
9
What is the hundreds digit of 1056763?
7
What is the millions digit of 1011980?
1
What is the thousands digit of 256902?
6
What is the units digit of 16036913?
3
What is the millions digit of 1846523?
1
What is the tens digit of 1972184?
8
What is the tens digit of 8986980?
8
What is the thousands digit of 701472?
1
What is the thousands digit of 10193746?
3
What is the thousands digit of 3697967?
7
What is the millions digit of 3395617?
3
What is the tens digit of 14054959?
5
What is the thousands digit of 1148884?
8
What is the tens digit of 2297271?
7
What is the thousands digit of 247103?
7
What is the ten thousands digit of 6161181?
6
What is the tens digit of 3206724?
2
What is the hundreds digit of 75397?
3
What is the hundred thousands digit of 5132154?
1
What is the units digit of 5679634?
4
What is the tens digit of 1669325?
2
What is the units digit of 2615660?
0
What is the thousands digit of 1318820?
8
What is the hundred thousands digit of 16199690?
1
What is the hundreds digit of 102838?
8
What is the hundreds digit of 151826?
8
What is the hundreds digit of 6954972?
9
What is the millions digit of 18086528?
8
What is the hundreds digit of 1475831?
8
What is the ten thousands digit of 241631?
4
What is the thousands digit of 787616?
7
What is the hundred thousands digit of 3309075?
3
What is the hundred thousands digit of 12456720?
4
What is the hundreds digit of 242947?
9
What is the hundred thousands digit of 443523?
4
What is the thousands digit of 28020508?
0
What is the hundreds digit of 30178219?
2
What is the units digit of 15487737?
7
What is the hundred thousands digit of 938582?
9
What is the units digit of 659205?
5
What is the units digit of 6145150?
0
What is the hundreds digit of 46698?
6
What is the hundreds digit of 2753617?
6
What is the ten thousands digit of 613522?
1
What is the hundreds digit of 513522?
5
What is the tens digit of 2945758?
5
What is the hundred thousands digit of 1112773?
1
What is the thousands digit of 371852?
1
What is the millions digit of 5402709?
5
What is the hundreds digit of 7364808?
8
What is the hundreds digit of 428900?
9
What is the hundred thousands digit of 8972169?
9
What is the hundreds digit of 287952?
9
What is the tens digit of 190580?
8
What is the units digit of 753471?
1
What is the hundred thousands digit of 3815485?
8
What is the ten thousands digit of 26189362?
8
What is the units digit of 28256900?
0
What is the thousands digit of 1815859?
5
What is the ten thousands digit of 215791?
1
What is the thousands digit of 193486?
3
What is the hundreds digit of 3345673?
6
What is the hundred thousands digit of 742454?
7
What is the millions digit of 6056205?
6
What is the tens digit of 991330?
3
What is the tens digit of 542602?
0
What is the units digit of 306947?
7
What is the hundreds digit of 1489773?
7
What is the tens digit of 3948733?
3
What is the millions digit of 13649639?
3
What is the thousands digit of 3646265?
6
What is the hundreds digit of 2137852?
8
What is the thousands digit of 796241?
6
What is the millions digit of 8055060?
8
What is the tens digit of 3912879?
7
What is the ten thousands digit of 1476122?
7
What is the thousands digit of 114909?
4
What is the units digit of 376090?
0
What is the hundred thousands digit of 1097149?
0
What is the hundred thousands digit of 193052?
1
What is the tens digit of 37256?
5
What is the hundreds digit of 15373816?
8
What is the units digit of 531010?
0
What is the ten thousands digit of 10512445?
1
What is the hundred thousands digit of 7399932?
3
What is the hundreds digit of 1389190?
1
What is the hundreds digit of 1051376?
3
What is the millions digit of 3632144?
3
What is the hundred thousands digit of 6295303?
2
What is the thousands digit of 2799221?
9
What is the units digit of 49007?
7
What is the hundreds digit of 7608178?
1
What is the units digit of 20427202?
2
What is the hundred thousands digit of 2957165?
9
What is the ten thousands digit of 1649467?
4
What is the millions digit of 2503305?
2
What is the units digit of 20352647?
7
What is the hundreds digit of 23354?
3
What is the thousands digit of 1929256?
9
What is the hundred thousands digit of 1114910?
1
What is the ten thousands digit of 311652?
1
What is the ten thousands digit of 1239073?
3
What is the units digit of 30167406?
6
What is the ten thousands digit of 8360691?
6
What is the hundreds digit of 49909?
9
What is the hundred thousands digit of 1818042?
8
What is the units digit of 1516745?
5
What is the hundred thousands digit of 899514?
8
What is the hundreds digit of 624641?
6
What is the thousands digit of 992440?
2
What is the ten thousands digit of 755666?
5
What is the thousands digit of 424183?
4
What is the ten thousands digit of 728966?
2
What is the tens digit of 579032?
3
What is the ten thousands digit of 12963095?
6
What is the hundred thousands digit of 5030482?
0
What is the tens digit of 2873078?
7
What is the tens digit of 44654?
5
What is the units digit of 641059?
9
What is the ten millions digit of 11277998?
1
What is the ten thousands digit of 208335?
0
What is the tens digit of 176405?
0
What is the hundred thousands digit of 148115?
1
What is the ten thousands digit of 2870503?
7
What is the hundred thousands digit of 18031282?
0
What is the units digit of 2055728?
8
What is the ten thousands digit of 987302?
8
What is the ten thousands digit of 42979?
4
What is the millions digit of 1820904?
1
What is the units digit